{"id":375,"date":"2020-04-10T21:44:21","date_gmt":"2020-04-10T19:44:21","guid":{"rendered":"https:\/\/tannenberg-allee.de\/?page_id=375"},"modified":"2023-01-29T14:43:08","modified_gmt":"2023-01-29T13:43:08","slug":"kosten-eines-gartens","status":"publish","type":"page","link":"https:\/\/tannenberg-allee.de\/?page_id=375","title":{"rendered":"Kosten eines Gartens"},"content":{"rendered":"\n<figure class=\"wp-block-table is-style-regular\"><table class=\"has-fixed-layout\"><tbody><tr><td><strong>Einmalige Kosten<\/strong><\/td><td class=\"has-text-align-right\" data-align=\"right\"><\/td><\/tr><tr><td>Bewerbergeb\u00fchren:<\/td><td class=\"has-text-align-right\" data-align=\"right\">10,00 \u20ac<\/td><\/tr><tr><td>Aufnahmegeb\u00fchren :<\/td><td class=\"has-text-align-right\" data-align=\"right\">100,00 \u20ac<\/td><\/tr><tr><td>Kosten des Gartens laut Sch\u00e4tzprotokoll <\/td><td class=\"has-text-align-right\" data-align=\"right\"><\/td><\/tr><tr><td>Stromz\u00e4hler\u00fcbernahme:<\/td><td class=\"has-text-align-right\" data-align=\"right\">Zwischen&nbsp;&nbsp; 270,00 \u20ac und 770,00 \u20ac<\/td><\/tr><tr><td><\/td><td class=\"has-text-align-right\" data-align=\"right\"><\/td><\/tr><tr><td><strong>Laufende Kosten j\u00e4hrlich&nbsp;<\/strong><\/td><td class=\"has-text-align-right\" data-align=\"right\"><\/td><\/tr><tr><td>Pacht :<\/td><td class=\"has-text-align-right\" data-align=\"right\">0,50 \u20ac\/qm<\/td><\/tr><tr><td>Vereinsbeitrag :&nbsp;<\/td><td class=\"has-text-align-right\" data-align=\"right\">50,00 \u20ac<\/td><\/tr><tr><td>Verbandsbeitrag :<\/td><td class=\"has-text-align-right\" data-align=\"right\">30,00 \u20ac<\/td><\/tr><tr><td>Versicherung Verband (Feuer, Einbruch, Diebstahl):<\/td><td class=\"has-text-align-right\" data-align=\"right\">98,00\u20ac<\/td><\/tr><tr><td>Unfallversicherung\/R\u00e4umungsver-sicherung:<\/td><td class=\"has-text-align-right\" data-align=\"right\">3,10 \u20ac<\/td><\/tr><tr><td><\/td><td class=\"has-text-align-right\" data-align=\"right\"><\/td><\/tr><tr><td>Beitrag F\u00f6rdermitglied:<\/td><td class=\"has-text-align-right\" data-align=\"right\">25,00 \u20ac<\/td><\/tr><\/tbody><\/table><\/figure>\n\n\n\n<div class=\"wp-block-group\"><div class=\"wp-block-group__inner-container is-layout-flow wp-block-group-is-layout-flow\"><\/div><\/div>\n\n\n\n<p><\/p>\n","protected":false},"excerpt":{"rendered":"<p>Einmalige Kosten Bewerbergeb\u00fchren: 10,00 \u20ac Aufnahmegeb\u00fchren : 100,00 \u20ac Kosten des Gartens laut Sch\u00e4tzprotokoll Stromz\u00e4hler\u00fcbernahme: Zwischen&nbsp;&nbsp; 270,00 \u20ac und 770,00 \u20ac Laufende Kosten j\u00e4hrlich&nbsp; Pacht : 0,50 \u20ac\/qm Vereinsbeitrag :&nbsp; 50,00 \u20ac Verbandsbeitrag : 30,00 \u20ac Versicherung Verband (Feuer, Einbruch, Diebstahl): 98,00\u20ac Unfallversicherung\/R\u00e4umungsver-sicherung: 3,10 \u20ac Beitrag F\u00f6rdermitglied: 25,00 \u20ac<\/p>\n","protected":false},"author":1,"featured_media":0,"parent":0,"menu_order":0,"comment_status":"closed","ping_status":"closed","template":"","meta":{"footnotes":""},"class_list":["post-375","page","type-page","status-publish","hentry"],"_links":{"self":[{"href":"https:\/\/tannenberg-allee.de\/index.php?rest_route=\/wp\/v2\/pages\/375","targetHints":{"allow":["GET"]}}],"collection":[{"href":"https:\/\/tannenberg-allee.de\/index.php?rest_route=\/wp\/v2\/pages"}],"about":[{"href":"https:\/\/tannenberg-allee.de\/index.php?rest_route=\/wp\/v2\/types\/page"}],"author":[{"embeddable":true,"href":"https:\/\/tannenberg-allee.de\/index.php?rest_route=\/wp\/v2\/users\/1"}],"replies":[{"embeddable":true,"href":"https:\/\/tannenberg-allee.de\/index.php?rest_route=%2Fwp%2Fv2%2Fcomments&post=375"}],"version-history":[{"count":7,"href":"https:\/\/tannenberg-allee.de\/index.php?rest_route=\/wp\/v2\/pages\/375\/revisions"}],"predecessor-version":[{"id":842,"href":"https:\/\/tannenberg-allee.de\/index.php?rest_route=\/wp\/v2\/pages\/375\/revisions\/842"}],"wp:attachment":[{"href":"https:\/\/tannenberg-allee.de\/index.php?rest_route=%2Fwp%2Fv2%2Fmedia&parent=375"}],"curies":[{"name":"wp","href":"https:\/\/api.w.org\/{rel}","templated":true}]}}