{"id":229,"date":"2020-03-23T20:26:44","date_gmt":"2020-03-23T19:26:44","guid":{"rendered":"http:\/\/test.tannenberg-allee.de\/?page_id=229"},"modified":"2020-03-23T20:26:44","modified_gmt":"2020-03-23T19:26:44","slug":"rezepte","status":"publish","type":"page","link":"https:\/\/tannenberg-allee.de\/?page_id=229","title":{"rendered":"Rezepte"},"content":{"rendered":"\n<h2 class=\"wp-block-heading\"><strong>Stockbrot: Rezepte und Tipps<\/strong>   <\/h2>\n\n\n\n<p><strong>Grundrezept:<\/strong>       <br>&#8211; 500 Gramm Mehl       <br>&#8211; 1 Hefew\u00fcrfel       <br>&#8211; eine Tasse Milch       <br>&#8211; 100 Milliliter \u00d6l       <br>&#8211; 1 Prise Salz       <br>&#8211; 1 Prise Zucker       <br>Das Mehl geben Sie zusammen mit  dem Salz in eine R\u00fchrsch\u00fcssel. Erw\u00e4rmen Sie die Milch, bis sie lauwarm  ist, nehmen Sie sie von der Kochplatte und f\u00fcgen Sie den zerbr\u00f6selten  Hefew\u00fcrfel und den Zucker dazu. Damit sich die Hefe gut aufl\u00f6st,  verr\u00fchren Sie die Mischung gut und geben sie anschlie\u00dfend zum Mehl in  die R\u00fchrsch\u00fcssel. Das alles wird dann \u2013 am besten von Hand \u2013 zu einem  glatten Teig geknetet.<br>Mit einem feuchten Tuch abgedeckt sollten Sie den Teig an einem  warmen Ort ungef\u00e4hr eine halbe Stunde ruhen lassen, bis er etwa auf das  doppelte Volumen aufgegangen ist. Nun k\u00f6nnen Sie den Teig noch einmal  auf einer leicht bemehlten Arbeitsfl\u00e4che durchkneten und eventuell auch  schon weitere Zutaten zuf\u00fcgen .<br> <br>Sie k\u00f6nnen den Stockbrotteig selbstverst\u00e4ndlich auch als s\u00fc\u00dfe Version anbieten. <br>Daf\u00fcr stellen Sie den Hefeteig aus folgenden Zutaten her:<br>&#8211; 500 Gramm Mehl <br>&#8211; 1 Hefew\u00fcrfel <br>&#8211; 1 Tasse Milch <br>&#8211; 1 Prise Salz<br>&#8211; 1 Packung Vanillezucker <br>&#8211; 80 Gramm Zucker <br>&#8211; 100 Gramm weiche Butter <br>&#8211; 1 Ei<br><br>Wenn Sie auf Hefe als Zutat verzichten m\u00f6chten, k\u00f6nnen Sie alternativ  auch einen Quark-\u00d6l-Teig als Basis herstellen. Hierf\u00fcr ben\u00f6tigen Sie  folgende Zutaten:        <br>&#8211; 150 Gramm Speisequark        <br>&#8211; 300 Gramm Mehl        <br>&#8211; 6 Essl\u00f6ffel Milch        <br>&#8211; 6 Essl\u00f6ffel \u00d6l        <br>&#8211; 1 P\u00e4ckchen Backpulver        <br>&#8211; 1 Prise Salz        <br>Vermischen Sie alle Zutaten, bis  ein glatter Teig entsteht. Diesen k\u00f6nnen Sie dann \u2013 ebenso wie den  klassischen Grundteig mit Hefe \u2013 nach Belieben verfeinern             <br> <br>Bei der  Ausw\u00e4hl der St\u00f6cke f\u00fcr Ihr Stockbrot achten Sie darauf, dass Sie ausschlie\u00dflich die \u00c4ste  von nicht giftigen B\u00e4umen verwenden. Besonders gut eignen sich zum  Beispiel Haselnusszweige. Entfernen Sie die Rinde und spitzen Sie ein  Ende des Zweigs mit einem scharfen Messer etwas an. Sollten Sie die \u00c4ste zusammen mit Kindern f\u00fcr das Stockbrot vorbereiten, \u00fcbernehmen Sie am besten das Schnitzen, damit die Kinder sich nicht am scharfen Messer  verletzen.<br>Anschlie\u00dfend wickeln Sie den Stockbrotteig spiralf\u00f6rmig um die  Astspitze oder Sie formen kleine Kugeln, die Sie einfach aufspie\u00dfen. Jetzt k\u00f6nnen Sie das Stockbrot \u00fcber die Glut eines Lagerfeuers oder  einfach \u00fcber einen Holzkohlegrill halten. Drehen Sie den Spie\u00df regelm\u00e4\u00dfig, damit das Brot von allen Seiten gen\u00fcgend Hitze zum Garen  erh\u00e4lt. Ist das Stockbrot von allen Seiten leicht gebr\u00e4unt, k\u00f6nnen Sie  es essen. <br> <br>Damit etwas Abwechslung in ihren Abend kommt, probieren Sie das klassische Stockbrot doch einmal in verschiedenen Varianten aus. Teilen Sie daf\u00fcr den hergestellten Teig in mehrere Portionen und f\u00fcgen Sie  jeweils weitere Zutaten dazu. F\u00fcr einen besonders w\u00fcrzigen und  italienisch inspirierten Geschmack sorgen frische, gehackte Kr\u00e4uter wie  zum Beispiel Thymian, Oregano oder Rosmarin. Ganz Mutige versuchen auch  mal eine Prise Lavendel.<br>Wenn Sie gerne scharf essen, mengen Sie unter den Stockbrotteig klein gehackte oder getrocknete Chilischoten. Klein  gehackte Speckw\u00fcrfel sorgen f\u00fcr ein besonders intensives und rauchiges  Aroma.  <\/p>\n\n\n\n<h2 class=\"wp-block-heading\"><strong>Stockbrot-W\u00fcrstchen <\/strong><\/h2>\n\n\n\n<figure class=\"wp-block-table is-style-regular\"><table class=\"\"><tbody><tr><td><strong>Zutaten:<\/strong><br>&#8211; 500 g Mehl<br>&#8211; 1 Beutel Trockenhefe<br>&#8211; knapp 2TL. Salz<br>&#8211; knapp 2 EL \u00d6l<br>&#8211; 250 ml lauwarmes Wasser<br>&#8211; Bratw\u00fcrste <\/td><td><strong>Zubereitung:<br><\/strong>Alle Zutaten (ohne W\u00fcrstchen) in einer Sch\u00fcssel <br>mischen und rund 10 Minuten lang kneten. Teig <br>gehen lassen, danach ausrollen.<br>W\u00fcrste in rund 4 cm lange St\u00fccke schneiden, auf <br>Spie\u00dfe stecken.<br>Teig in Streifen schneiden und spiralf\u00f6rmig um die <br>Spie\u00dfe und W\u00fcrstchenst\u00fccke wickeln.<br>Unter Wenden rund 10 Min. lang grillen. <\/td><\/tr><\/tbody><\/table><\/figure>\n\n\n\n<h2 class=\"wp-block-heading\"> <strong>Erdbeerbowle mit Rosenbl\u00fcten<\/strong> <\/h2>\n\n\n\n<figure class=\"wp-block-table is-style-regular\"><table class=\"\"><tbody><tr><td><strong>Zutaten f\u00fcr 8 &#8211; 10 Personen: <\/strong><\/td><td><strong>Zubereitung:<\/strong><\/td><\/tr><tr><td>&#8211; <strong>1 Flasche gut gek\u00fchlter Ros\u00e9wein<br>&#8211; 50 ml Rosen-Ratafia<br>&#8211; 100 g Erdbeeren, halbiert<br>&#8211; eine Hand voll duftende Rosen-bl\u00fcten<br>&#8211; 1 Flasche Mineralwasser <\/strong><\/td><td>Den gek\u00fchlten Ros\u00e9-Wein in ein Bowlengef\u00e4\u00df  <br>gie\u00dfen. Den Lik\u00f6r und die halbierten Erdbeeren <br>hinzuf\u00fcgen. Eine Hand  voll Rosenbl\u00fcten dar\u00fcber <br>streuen. F\u00fcr eine Stunde kaltstellen. <br>Vor dem Servieren mit kaltem Mineralwasser aufgie\u00dfen. <\/td><\/tr><\/tbody><\/table><\/figure>\n\n\n\n<h2 class=\"wp-block-heading\"> <strong>Buntes Gem\u00fcse mit Rosenbl\u00fctenbalsam <\/strong> <\/h2>\n\n\n\n<figure class=\"wp-block-table is-style-regular\"><table class=\"\"><tbody><tr><td><strong>Zutaten f\u00fcr 4 Personen: <\/strong><\/td><td><strong>Zubereitung:<\/strong><\/td><\/tr><tr><td>&#8211; <strong>800 g gemischtes Gem\u00fcse<br>&#8211; Rosenbl\u00fctenbalsam<br>&#8211; 1 EL Zucker<br>&#8211; 3 EL Balsamessig<br>&#8211; 1 EL Rosenbl\u00fctenessig<br>&#8211; 2 TL Zitronensaft<br>&#8211; 1-2 TL Rosenwasser<br>&#8211; 6 EL kalt gepresstes, neutrales \u00d6l<br>&#8211; 1 TL Salz<br>&#8211; Schwarzer Pfeffer aus der M\u00fchle <\/strong>       &nbsp;      <\/td><td>Das Gem\u00fcse putzen, bei Bedarf sch\u00e4len und in <br>Scheiben schneiden. Im Dampf knackig garen.<br>F\u00fcr den Rosenbl\u00fctenbalsam den Zucker in einer <br>kleinen  Pfanne honigfarben karamellisieren. Mit <br>Balsam- und Rosenbl\u00fctenessig  abl\u00f6schen, den <br>Karamell unter R\u00fchren aufl\u00f6sen. Die Pfanne von der  W\u00e4rmequelle nehmen, Zitronensaft, Rosenwasser <br>und \u00d6l unterr\u00fchren. Mit  Salz und Pfeffer aus der <br>M\u00fchle abschmecken. Das Gem\u00fcse dekorativ auf<br>Tellern anrichten. Mit Rosenbl\u00fctenbalsam betr\u00e4ufeln <br>und mit  Zitronenmelissen- und Rosenbl\u00fctenbl\u00e4ttern garnieren. <\/td><\/tr><\/tbody><\/table><\/figure>\n\n\n\n<h2 class=\"wp-block-heading\"><strong>Rosenbl\u00fcten-Risotto mit Zanderfilet<\/strong><\/h2>\n\n\n\n<figure class=\"wp-block-table is-style-regular\"><table class=\"\"><tbody><tr><td><strong>Zutaten f\u00fcr 4 Personen:<\/strong><\/td><td><strong>Zubereitung:<\/strong><\/td><\/tr><tr><td>&#8211; <strong>6 kr\u00e4ftig rosafarbene Rosenbl\u00fcten<br>&#8211; 75 g Butter<br>&#8211; 300 g Risotto-Reis, z.B. Carnaroli oder Arborio<br>&#8211; Muskatnuss, frisch gerieben<br>&#8211; 200 ml trockener Ros\u00e9wein<br>&#8211; 800 ml hei\u00dfen Gem\u00fcsefond<br>&#8211; 100 ml Cr\u00e8me fra\u00eeche<br>&#8211; Salz<br>&#8211; Pfeffer, frisch gemahlen<br>&#8211; 1 TL Rosenwasser<br>&#8211; 100 g Parmesank\u00e4se im St\u00fcck<br>&#8211; 4 Zanderfilets mit Haut \u00e0 150 g<br>&#8211; 1 &#8211; 2 EL Mehl<br>&#8211; 3 &#8211; 4 EL Pflanzen\u00f6l <\/strong>     &nbsp; <\/td><td>Die Bl\u00fctenbl\u00e4tter vom Rosenkopf zupfen und<br>den bitteren wei\u00dfen Blattansatz abschneiden.<br>Zw\u00f6lf sch\u00f6ne Bl\u00fctenbl\u00e4tter  zum Dekorieren auf- <br>bewahren.<br>50 g Butter in einem breiten Topf erhitzen, aber <br>nicht braun werden  lassen. Zuerst den Reis, danach <br>die H\u00e4lfte der Rosenbl\u00e4tter und dann  etwas <br>geriebene Muskatnuss unterr\u00fchren. Etwa nach <br>3 Minuten, wenn alle  Reisk\u00f6rner mit einem Fettfilm <br>\u00fcberzogen sind, den Wein dazugie\u00dfen und  r\u00fchren, <br>bis er fast verdampft ist. Nun mit einer Sch\u00f6pfkelle <br>ein Drittel  der hei\u00dfen Gem\u00fcsebr\u00fche unter R\u00fchren zu-<br>gie\u00dfen und wieder fast verdampfen  lassen. Dabei <br>weiter ab und zu r\u00fchren, damit der Reis nicht ansetzt. <br>Den Vorgang wiederholen, beim Zugie\u00dfen der letzten <br>Portion Gem\u00fcsebr\u00fche  auch die zweite H\u00e4lfte Bl\u00fcten- <br>bl\u00e4tter zum Risotto geben.<br>Den Reis vom Herd nehmen, wenn er gar ist, er soll <br>cremig sein, aber  noch Biss haben. Nun die restliche <br>Butter und die Cr\u00e8me fra\u00eeche  unterr\u00fchren und mit <br>Salz und Pfeffer w\u00fcrzen. Je nach Geschmack noch das<br>Rosenwasser untermischen, es kann aber auch weg-<br>gelassen werden. Die  Zanderfilets salzen und pfeffern,<br>die Hautseite mit etwas Mehl  best\u00e4uben. Das Pflanzen-<br>\u00f6l in einer gro\u00dfen Pfanne nicht zu hei\u00df werden  lassen <br>und die Fischfilets zuerst auf der Hautseite gute <br>2 Minuten  anbraten. Den Fisch wenden und auf der <br>anderen Seite 2 Minuten braten.  Nochmals wenden <br>und die Hautseite braten, bis sie kross ist.<br>   Den Risotto auf vier vorgew\u00e4rmten Tellern mit den <br>Zanderfilets  anrichten, \u00fcber den Risotto Parmesan reiben. Die Teller mit den  restlichen Rosenbl\u00e4ttern dekorieren.<\/td><\/tr><\/tbody><\/table><\/figure>\n","protected":false},"excerpt":{"rendered":"<p>Stockbrot: Rezepte und Tipps Grundrezept: &#8211; 500 Gramm Mehl &#8211; 1 Hefew\u00fcrfel &#8211; eine Tasse Milch &#8211; 100 Milliliter \u00d6l &#8211; 1 Prise Salz &#8211; 1 Prise Zucker Das Mehl geben Sie zusammen mit dem Salz in eine R\u00fchrsch\u00fcssel. Erw\u00e4rmen Sie die Milch, bis sie lauwarm ist, nehmen Sie sie von der Kochplatte und f\u00fcgen [&hellip;]<\/p>\n","protected":false},"author":1,"featured_media":0,"parent":0,"menu_order":0,"comment_status":"closed","ping_status":"closed","template":"","meta":{"footnotes":""},"class_list":["post-229","page","type-page","status-publish","hentry"],"_links":{"self":[{"href":"https:\/\/tannenberg-allee.de\/index.php?rest_route=\/wp\/v2\/pages\/229","targetHints":{"allow":["GET"]}}],"collection":[{"href":"https:\/\/tannenberg-allee.de\/index.php?rest_route=\/wp\/v2\/pages"}],"about":[{"href":"https:\/\/tannenberg-allee.de\/index.php?rest_route=\/wp\/v2\/types\/page"}],"author":[{"embeddable":true,"href":"https:\/\/tannenberg-allee.de\/index.php?rest_route=\/wp\/v2\/users\/1"}],"replies":[{"embeddable":true,"href":"https:\/\/tannenberg-allee.de\/index.php?rest_route=%2Fwp%2Fv2%2Fcomments&post=229"}],"version-history":[{"count":1,"href":"https:\/\/tannenberg-allee.de\/index.php?rest_route=\/wp\/v2\/pages\/229\/revisions"}],"predecessor-version":[{"id":230,"href":"https:\/\/tannenberg-allee.de\/index.php?rest_route=\/wp\/v2\/pages\/229\/revisions\/230"}],"wp:attachment":[{"href":"https:\/\/tannenberg-allee.de\/index.php?rest_route=%2Fwp%2Fv2%2Fmedia&parent=229"}],"curies":[{"name":"wp","href":"https:\/\/api.w.org\/{rel}","templated":true}]}}