{"id":2150,"date":"2025-10-11T15:30:39","date_gmt":"2025-10-11T13:30:39","guid":{"rendered":"https:\/\/tannenberg-allee.de\/?page_id=2150"},"modified":"2025-10-11T15:44:55","modified_gmt":"2025-10-11T13:44:55","slug":"unser-garten-im-november-2","status":"publish","type":"page","link":"https:\/\/tannenberg-allee.de\/?page_id=2150","title":{"rendered":"Unser Garten im November"},"content":{"rendered":"\n<p><strong>Gem\u00fcse mit Stroh mulchen<\/strong><br>Im November k\u00f6nnen letzte Wurzelgem\u00fcse im Hochbeet wie bspw. Rote Bete und Steckr\u00fcben mit einer dicken Strohschicht (10-20 cm) gemulcht und so noch nach und nach geerntet werden. <\/p>\n\n\n\n<p><strong>Tomaten  ernten und nachreifen lassen<\/strong><br>Die letzten Tomaten k\u00f6nnen im November aus dem Tomatenh\u00e4uschen abgeerntet werden. Selbst wenn diese noch halb gr\u00fcn sind, ist das kein Problem. Legt sie zum Nachreifen einfach zu Hause auf die Fensterbank, dann werden sie bald reif und schmecken wunderbar.<\/p>\n\n\n\n<p><strong>K\u00fcrbisse einlagern<\/strong><br>Im November k\u00f6nnt ihr noch letzte K\u00fcrbisse ernten und k\u00fchl (16-18 Grad) und trocken einlagern. Achtet darauf, dass die K\u00fcrbisse keine Schadstellen haben und nicht \u00fcbereinander gestapelt gelagert werden. Gut gelagert k\u00f6nnt ihr bis zum Fr\u00fchjahr (teilweise bis in den April) von eurer K\u00fcrbisernte zehren.<\/p>\n\n\n\n<p><strong>Laube aufr\u00e4umen und Werkzeuge reinigen<\/strong><br>Das Gartenjahr neigt sich dem Ende entgegen und es fallen kaum noch Arbeiten im Garten an. Damit ist ausreichend Zeit, um den Werkzeugraum in der Laube mal wieder gr\u00fcndlich aufzur\u00e4umen, teure Akkus (bitte nicht voll geladen, sondern nur zu 50-80%) ggf. mit in die Stadtwohnung zu nehmen und das Werkzeug gr\u00fcndlich zu reinigen und zu \u00f6len.<\/p>\n\n\n\n<p><strong>Last but not least: Drau\u00dfen im Garten nicht (!) aufr\u00e4umen<\/strong><br>Bitte denkt daran, Stauden bis mindestens Ende Februar nicht zur\u00fcckzuschneiden, um Insekten einen Unterschlupf zu bieten. Auch Kompost- und Laubhaufen sowie Totholz sollten nun nicht mehr umgesetzt werden, da diese einen wichtigen Unterschlupf f\u00fcr Igel und Co. bieten. <\/p>\n\n\n\n<p><strong>S. J.<\/strong><\/p>\n\n\n\n<p><\/p>\n","protected":false},"excerpt":{"rendered":"<p>Gem\u00fcse mit Stroh mulchenIm November k\u00f6nnen letzte Wurzelgem\u00fcse im Hochbeet wie bspw. Rote Bete und Steckr\u00fcben mit einer dicken Strohschicht (10-20 cm) gemulcht und so noch nach und nach geerntet werden. Tomaten ernten und nachreifen lassenDie letzten Tomaten k\u00f6nnen im November aus dem Tomatenh\u00e4uschen abgeerntet werden. Selbst wenn diese noch halb gr\u00fcn sind, ist das [&hellip;]<\/p>\n","protected":false},"author":145,"featured_media":0,"parent":0,"menu_order":0,"comment_status":"closed","ping_status":"closed","template":"","meta":{"footnotes":""},"class_list":["post-2150","page","type-page","status-publish","hentry"],"_links":{"self":[{"href":"https:\/\/tannenberg-allee.de\/index.php?rest_route=\/wp\/v2\/pages\/2150","targetHints":{"allow":["GET"]}}],"collection":[{"href":"https:\/\/tannenberg-allee.de\/index.php?rest_route=\/wp\/v2\/pages"}],"about":[{"href":"https:\/\/tannenberg-allee.de\/index.php?rest_route=\/wp\/v2\/types\/page"}],"author":[{"embeddable":true,"href":"https:\/\/tannenberg-allee.de\/index.php?rest_route=\/wp\/v2\/users\/145"}],"replies":[{"embeddable":true,"href":"https:\/\/tannenberg-allee.de\/index.php?rest_route=%2Fwp%2Fv2%2Fcomments&post=2150"}],"version-history":[{"count":2,"href":"https:\/\/tannenberg-allee.de\/index.php?rest_route=\/wp\/v2\/pages\/2150\/revisions"}],"predecessor-version":[{"id":2155,"href":"https:\/\/tannenberg-allee.de\/index.php?rest_route=\/wp\/v2\/pages\/2150\/revisions\/2155"}],"wp:attachment":[{"href":"https:\/\/tannenberg-allee.de\/index.php?rest_route=%2Fwp%2Fv2%2Fmedia&parent=2150"}],"curies":[{"name":"wp","href":"https:\/\/api.w.org\/{rel}","templated":true}]}}